{"id":83,"date":"2014-05-24T15:28:48","date_gmt":"2014-05-24T15:28:48","guid":{"rendered":"http:\/\/www.cjpmures.ro\/?page_id=83"},"modified":"2025-02-10T13:44:40","modified_gmt":"2025-02-10T13:44:40","slug":"legislatie","status":"publish","type":"page","link":"https:\/\/www.cjpmures.ro\/?page_id=83","title":{"rendered":"Legisla\u021bie"},"content":{"rendered":"<h3><strong>Legisla\u021bie<\/strong><\/h3>\n<hr \/>\n<p><strong>ACTE NORMATIVE<\/strong><\/p>\n<ul>\n<li><strong>LEGEA nr. 360 din 29 noiembrie 2023 <\/strong>privind sistemul public de pensii<br \/>\nPUBLICAT \u00ceN: MONITORUL OFICIAL nr. 1089 din 04 decembrie 2023<\/li>\n<\/ul>\n<ul>\n<li><strong>ORDONAN\u0162\u0102 nr. 92 din 24 decembrie 2003 (**republicat\u0103**)(*actualizat\u0103*)<\/strong><br \/>\nprivind Codul de procedur\u0103 fiscal\u0103**)<br \/>\nPUBLICAT \u00ceN: MONITORUL OFICIAL nr. 513 din 31 iulie 2007<\/li>\n<\/ul>\n<ul>\n<li><strong>LEGE nr. 346 din 5 iunie 2002 (*republicat\u0103*)<\/strong><br \/>\nprivind asigurarea pentru accidente de munc\u0103 \u015fi boli profesionale*)<br \/>\nPUBLICAT \u00ceN: MONITORUL OFICIAL nr. 251 din 8 aprilie 2014<\/li>\n<\/ul>\n<ul>\n<li style=\"text-align: justify;\"><strong>LEGE nr. 309 din 22 mai 2002 (*actualizat\u0103*)<\/strong><br \/>\nprivind recunoa\u015fterea \u015fi acordarea unor drepturi persoanelor care au efectuat stagiul militar \u00een cadrul Direc\u0163iei Generale a Serviciului Muncii \u00een perioada 1950-1961<br \/>\nPUBLICAT \u00ceN: MONITORUL OFICIAL nr. 385 din 6 iunie 2002<\/li>\n<\/ul>\n<ul>\n<li style=\"text-align: justify;\"><strong>LEGE nr. 189 din 2 noiembrie 2000<\/strong><br \/>\nprivind aprobarea Ordonantei Guvernului nr. 105\/1999 pentru modificarea si completarea Decretului-lege nr. 118\/1990 privind acordarea unor drepturi persoanelor persecutate din motive politice de dictatura instaurata cu incepere de la 6 martie 1945, precum si celor deportate in strainatate ori constituite in prizonieri, republicat, cu modificarile ulterioare<br \/>\nPUBLICAT \u00ceN: MONITORUL OFICIAL nr. 553 din 8 noiembrie 2000<\/li>\n<\/ul>\n","protected":false},"excerpt":{"rendered":"<p>Legisla\u021bie ACTE NORMATIVE LEGEA nr. 360 din 29 noiembrie 2023 privind sistemul public de pensii PUBLICAT \u00ceN: MONITORUL OFICIAL nr. 1089 din 04 decembrie 2023 ORDONAN\u0162\u0102 nr. 92 din 24 decembrie 2003 (**republicat\u0103**)(*actualizat\u0103*) privind Codul de procedur\u0103 fiscal\u0103**) PUBLICAT \u00ceN: &hellip; <a href=\"https:\/\/www.cjpmures.ro\/?page_id=83\">Continue reading <span class=\"meta-nav\">&rarr;<\/span><\/a><\/p>\n","protected":false},"author":1,"featured_media":0,"parent":0,"menu_order":0,"comment_status":"closed","ping_status":"closed","template":"showcase.php","meta":{"footnotes":""},"class_list":["post-83","page","type-page","status-publish","hentry"],"_links":{"self":[{"href":"https:\/\/www.cjpmures.ro\/index.php?rest_route=\/wp\/v2\/pages\/83","targetHints":{"allow":["GET"]}}],"collection":[{"href":"https:\/\/www.cjpmures.ro\/index.php?rest_route=\/wp\/v2\/pages"}],"about":[{"href":"https:\/\/www.cjpmures.ro\/index.php?rest_route=\/wp\/v2\/types\/page"}],"author":[{"embeddable":true,"href":"https:\/\/www.cjpmures.ro\/index.php?rest_route=\/wp\/v2\/users\/1"}],"replies":[{"embeddable":true,"href":"https:\/\/www.cjpmures.ro\/index.php?rest_route=%2Fwp%2Fv2%2Fcomments&post=83"}],"version-history":[{"count":8,"href":"https:\/\/www.cjpmures.ro\/index.php?rest_route=\/wp\/v2\/pages\/83\/revisions"}],"predecessor-version":[{"id":4292,"href":"https:\/\/www.cjpmures.ro\/index.php?rest_route=\/wp\/v2\/pages\/83\/revisions\/4292"}],"wp:attachment":[{"href":"https:\/\/www.cjpmures.ro\/index.php?rest_route=%2Fwp%2Fv2%2Fmedia&parent=83"}],"curies":[{"name":"wp","href":"https:\/\/api.w.org\/{rel}","templated":true}]}}