{"id":63,"date":"2014-05-24T15:25:24","date_gmt":"2014-05-24T15:25:24","guid":{"rendered":"http:\/\/www.cjpmures.ro\/?page_id=63"},"modified":"2026-04-01T12:42:44","modified_gmt":"2026-04-01T12:42:44","slug":"obligatii","status":"publish","type":"page","link":"https:\/\/www.cjpmures.ro\/?page_id=63","title":{"rendered":"Certificat de via\u021b\u0103"},"content":{"rendered":"<h3><strong>CERTIFICAT DE VIA\u021a\u0102<\/strong><\/h3>\n<hr \/>\n<p style=\"text-align: left;\">Potrivit art. 98 alin. (5) \u0218I (6) din Legea nr. 360\/2023 privind sistemul public de pensii \u0219i art. 10 alin. (1) \u0219i (2) din Ordinul <strong>nr. 874\/26.06.2024 <\/strong>al Pre\u0219edintelui CNPP privind reglementarea modalit\u0103\u021bilor de certificare a copiilor documentelor care atest\u0103 vechimea \u00een munc\u0103 realizat\u0103 anterior datei de 1 aprilie 2001 \u0219i a copiilor documentelor care atest\u0103 perioadele asimilate, precum \u0219i a existen\u021biei beneficiarilor nereziden\u021bi, pentru a beneficia de drepturile cuvenite din cadrul sistemului public de pensii, <strong>beneficiarii nereziden\u0163i afla\u021bi \u00een plat\u0103, au obliga\u0163ia de a transmite semestrial, din proprie ini\u021biativ\u0103, p\u00e2n\u0103 cel t\u00e2rziu la data de 31 martie, respectiv p\u00e2n\u0103 la data de 30 septembrie a fiec\u0103rui an, un certificat de via\u0163\u0103.<\/strong><\/p>\n<p>Prin Ordinul Pre\u0219edintelui CNPP nr. 874\/2024, publicat \u00een Monitorul Oficial al Rom\u00e2niei nr. 651 din 09.07.2024, a fost aprobat modelul unic al Certificatului de via\u021b\u0103.<\/p>\n<p><em>\u00cen considerarea prevederilor legale men\u021bionate mai sus, av\u00e2nd \u00een vedere c\u0103, \u00een cazul dvs., sunt aplicabile dispozi\u021biile art.<\/em><em> 98 alin. (5) \u0218I (6) din Legea nr. 360\/2023 privind sistemul public de pensii \u0219i ale art. 10 alin. (1) \u0219i (2) din Ordinul <\/em><em>Pre\u0219edintelui CNPP nr. 874\/26.06.2024 de mai sus, \u00een vederea men\u021binerii \u00een plat\u0103 a drepturilor de pensie, a<\/em><em>ve\u021bi obliga\u021bia de a transmite<strong> certificatul de via\u021b\u0103 :<\/strong><\/em><\/p>\n<ul>\n<li><strong><em>Din proprie ini\u021biativ\u0103,<\/em><\/strong><\/li>\n<li><em>Semestrial, p\u00e2n\u0103 cel t\u00e2rziu la data de 31 martie, respectiv p\u00e2n\u0103 la data de 30 septembrie a fiec\u0103rui an.<\/em><\/li>\n<\/ul>\n<p><em>Transmiterea certificatului de via\u021b\u0103 se poate face prin po\u0219t\u0103 pe adresa: Casa Jude\u021bean\u0103 de Pensii Mure\u0219, 540014 Tg. Mure\u0219 str. Tudor Vladimirescu nr.60, Jud. Mure\u0219 sau prin e-mail pe adresa <strong>plati.mures@cnpp.ro<\/strong>.<\/em><\/p>\n<p>Certificatul de via\u021b\u0103 trebuie semnat \u00een fa\u021ba unei autorit\u0103\u021bi legale* de pe teritoriul statului de domiciliu sau de \u0219edere permanent\u0103, dup\u0103 caz, respectiva autoritate certific\u00e2nd acest fapt.<\/p>\n<p>\u00cen situa\u021bia \u00een care nu se transmite certificatul de via\u021b\u0103 \u00een termenul indicat, plata drepturilor de pensie va fi suspendat\u0103, \u00eencep\u00e2nd cu luna urm\u0103toare expir\u0103rii termenelor prev\u0103zute mai sus (de 31 martie, respectiv 30 septembrie a fiec\u0103rui an).<\/p>\n<p>Reluarea pl\u0103\u021bii drepturilor de pensie se va face dup\u0103 transmiterea certificatului de via\u021b\u0103, de la data suspend\u0103rii, cu respectarea termenului general de prescrip\u021bie.<\/p>\n<p><em>* sintagma <strong>&#8220;<\/strong> autorit\u0103\u021bi legale<strong>\u201d <\/strong>desemneaz\u0103 Institu\u021bii de pensii, autorit\u0103\u021bi administrative locale, notari publici de pe teritoriul statului de domiciliu, respectiv re\u0219edin\u021b\u0103, oficii consulare, birouri ale Patronatelor cu care Casa Na\u021bional\u0103 de Pensii Publice a \u00eencheiat Protocoale de Colaborare: Institutul Na\u021bional de Asisten\u021b\u0103 Social\u0103 (INAS) din Italia, Institutul Na\u021bional Confederal de Asisten\u021b\u0103 (INCA) din Italia \u0219i Institutul de Tutel\u0103 \u0219i Asisten\u021b\u0103 a Muncitorilor (ITAL &#8211; UIL) din Italia, etc.<\/em><\/p>\n<p style=\"text-align: justify;\">\u00a0 \u00a0<strong>Descarca certificatul de viata <a href=\"https:\/\/www.cjpmures.ro\/?page_id=2024\">aici<\/a><\/strong><\/p>\n\n\n<p><\/p>\n","protected":false},"excerpt":{"rendered":"<p>CERTIFICAT DE VIA\u021a\u0102 Potrivit art. 98 alin. (5) \u0218I (6) din Legea nr. 360\/2023 privind sistemul public de pensii \u0219i art. 10 alin. (1) \u0219i (2) din Ordinul nr. 874\/26.06.2024 al Pre\u0219edintelui CNPP privind reglementarea modalit\u0103\u021bilor de certificare a copiilor &hellip; <a href=\"https:\/\/www.cjpmures.ro\/?page_id=63\">Continue reading <span class=\"meta-nav\">&rarr;<\/span><\/a><\/p>\n","protected":false},"author":1,"featured_media":0,"parent":0,"menu_order":0,"comment_status":"closed","ping_status":"closed","template":"showcase.php","meta":{"footnotes":""},"class_list":["post-63","page","type-page","status-publish","hentry"],"_links":{"self":[{"href":"https:\/\/www.cjpmures.ro\/index.php?rest_route=\/wp\/v2\/pages\/63","targetHints":{"allow":["GET"]}}],"collection":[{"href":"https:\/\/www.cjpmures.ro\/index.php?rest_route=\/wp\/v2\/pages"}],"about":[{"href":"https:\/\/www.cjpmures.ro\/index.php?rest_route=\/wp\/v2\/types\/page"}],"author":[{"embeddable":true,"href":"https:\/\/www.cjpmures.ro\/index.php?rest_route=\/wp\/v2\/users\/1"}],"replies":[{"embeddable":true,"href":"https:\/\/www.cjpmures.ro\/index.php?rest_route=%2Fwp%2Fv2%2Fcomments&post=63"}],"version-history":[{"count":11,"href":"https:\/\/www.cjpmures.ro\/index.php?rest_route=\/wp\/v2\/pages\/63\/revisions"}],"predecessor-version":[{"id":4661,"href":"https:\/\/www.cjpmures.ro\/index.php?rest_route=\/wp\/v2\/pages\/63\/revisions\/4661"}],"wp:attachment":[{"href":"https:\/\/www.cjpmures.ro\/index.php?rest_route=%2Fwp%2Fv2%2Fmedia&parent=63"}],"curies":[{"name":"wp","href":"https:\/\/api.w.org\/{rel}","templated":true}]}}