{"id":59,"date":"2014-05-24T15:24:53","date_gmt":"2014-05-24T15:24:53","guid":{"rendered":"http:\/\/www.cjpmures.ro\/?page_id=59"},"modified":"2014-06-04T10:50:41","modified_gmt":"2014-06-04T10:50:41","slug":"stagiu-de-cotizare","status":"publish","type":"page","link":"https:\/\/www.cjpmures.ro\/?page_id=59","title":{"rendered":"Plata pensiilor"},"content":{"rendered":"<h3 style=\"text-align: justify;\"><strong>PLATA PENSIILOR \u00ceN STR\u0102IN\u0102TATE<\/strong><\/h3>\n<hr \/>\n<p style=\"text-align: justify;\">\u00cencep\u00e2nd cu anul 2008, beneficiarii sistemului public de pensii din Romania stabili\u021bi \u00een str\u0103in\u0103tate pot primi pensia pe teritoriul statului de domiciliu, Casa Na\u021bional\u0103 de Pensii Publice asigur\u00e2nd plata pensiilor prin Citibank Europe\u00a0 \u2013 sucursala Rom\u00e2nia.<\/p>\n<p style=\"text-align: justify;\">Procedura de transfer a drepturilor de pensie \u00een str\u0103in\u0103tate presupune urm\u0103toarele:<\/p>\n<p style=\"text-align: justify;\">\u00a01. deschiderea unui cont la orice banc\u0103 de pe teritoriul statului de domiciliu (nu este necesar\u0103 deschiderea contului la o banc\u0103 apartin\u00e2nd Grupului Citi, dar aceast\u0103 op\u0163iune poate conduce la achitarea unor taxe de transfer bancar mai reduse);<\/p>\n<p style=\"text-align: justify;\">\u00a02. comunicarea detaliilor bancare (adresa complet\u0103 a beneficiarului, denumirea \u015fi adresa b\u0103ncii beneficiarului, codul SWIFT\/BIC al b\u0103ncii beneficiarului, acolo unde e cazul, precum \u0219i num\u0103rul de cont interna\u021bional bancar) c\u0103tre institu\u021bia pl\u0103titoare (casa teritorial\u0103 de pensii \u00een eviden\u021ba c\u0103reia se afl\u0103 dosarul de pensie) prin intermediul declara\u021biei de transfer.<\/p>\n<p style=\"text-align: justify;\">Declara\u021bia de transfer \u00een str\u0103in\u0103tate a drepturilor cuvenite beneficiarilor sistemului public de pensii, \u00eenso\u021bit\u0103 de documentul care confirm\u0103 detaliile bancare \u0219i de copia actului de identitate al titularului care atest\u0103 domiciliul s\u0103u actual se pot depune direct de catre titularul drepturilor sau prin mandatar desemnat cu procur\u0103 special\u0103 \u00een acest sens, la sediul casei teritoriale de pensii \u00een a c\u0103rei eviden\u021b\u0103 se afl\u0103 dosarul de pensie. De asemenea, \u00a0aceste documente pot fi expediate prin po\u0219t\u0103, la sediul casei teritoriale de pensii sau prin e-mail (scanate) transmise la adresa electronic\u0103 oficial\u0103 a casei teritoriale de pensii.<\/p>\n","protected":false},"excerpt":{"rendered":"<p>PLATA PENSIILOR \u00ceN STR\u0102IN\u0102TATE \u00cencep\u00e2nd cu anul 2008, beneficiarii sistemului public de pensii din Romania stabili\u021bi \u00een str\u0103in\u0103tate pot primi pensia pe teritoriul statului de domiciliu, Casa Na\u021bional\u0103 de Pensii Publice asigur\u00e2nd plata pensiilor prin Citibank Europe\u00a0 \u2013 sucursala Rom\u00e2nia. &hellip; <a href=\"https:\/\/www.cjpmures.ro\/?page_id=59\">Continue reading <span class=\"meta-nav\">&rarr;<\/span><\/a><\/p>\n","protected":false},"author":1,"featured_media":0,"parent":0,"menu_order":0,"comment_status":"closed","ping_status":"closed","template":"showcase.php","meta":{"footnotes":""},"class_list":["post-59","page","type-page","status-publish","hentry"],"_links":{"self":[{"href":"https:\/\/www.cjpmures.ro\/index.php?rest_route=\/wp\/v2\/pages\/59","targetHints":{"allow":["GET"]}}],"collection":[{"href":"https:\/\/www.cjpmures.ro\/index.php?rest_route=\/wp\/v2\/pages"}],"about":[{"href":"https:\/\/www.cjpmures.ro\/index.php?rest_route=\/wp\/v2\/types\/page"}],"author":[{"embeddable":true,"href":"https:\/\/www.cjpmures.ro\/index.php?rest_route=\/wp\/v2\/users\/1"}],"replies":[{"embeddable":true,"href":"https:\/\/www.cjpmures.ro\/index.php?rest_route=%2Fwp%2Fv2%2Fcomments&post=59"}],"version-history":[{"count":5,"href":"https:\/\/www.cjpmures.ro\/index.php?rest_route=\/wp\/v2\/pages\/59\/revisions"}],"predecessor-version":[{"id":500,"href":"https:\/\/www.cjpmures.ro\/index.php?rest_route=\/wp\/v2\/pages\/59\/revisions\/500"}],"wp:attachment":[{"href":"https:\/\/www.cjpmures.ro\/index.php?rest_route=%2Fwp%2Fv2%2Fmedia&parent=59"}],"curies":[{"name":"wp","href":"https:\/\/api.w.org\/{rel}","templated":true}]}}