{"id":2024,"date":"2020-06-29T10:10:39","date_gmt":"2020-06-29T10:10:39","guid":{"rendered":"http:\/\/www.cjpmures.ro\/?page_id=2024"},"modified":"2026-03-11T13:39:01","modified_gmt":"2026-03-11T13:39:01","slug":"formulare","status":"publish","type":"page","link":"https:\/\/www.cjpmures.ro\/?page_id=2024","title":{"rendered":"Formulare"},"content":{"rendered":"<h3>FORMULARE:<\/h3>\n<hr \/>\n<p><span style=\"color: #ff0000;\"><strong>Pensii:<\/strong><\/span><br \/><strong><a href=\"https:\/\/www.cjpmures.ro\/wp-content\/uploads\/2024\/10\/cerere-lv.pdf\">-Cerere privind acordarea pensiei pentru limit\u0103 de v\u00e2rst\u0103<\/a><br \/><a href=\"https:\/\/www.cjpmures.ro\/wp-content\/uploads\/2024\/10\/cerere-ant.pdf\">-Cerere privind acordarea pensiei anticipate<\/a><\/strong><br \/><strong><a href=\"https:\/\/www.cjpmures.ro\/wp-content\/uploads\/2024\/10\/cerere-inv.pdf\">-Cerere privind acordarea pensiei de invaliditate<\/a><br \/><a href=\"https:\/\/www.cjpmures.ro\/wp-content\/uploads\/2024\/10\/cerere-urm.pdf\">-Cerere privind acordarea pensiei de urma\u015f<\/a><br \/><a href=\"https:\/\/www.cjpmures.ro\/wp-content\/uploads\/2024\/10\/cerere-rec.pdf\">-Cerere privind\u00a0recalcularea pensiei<\/a><br \/><a href=\"https:\/\/www.cjpmures.ro\/wp-content\/uploads\/2024\/09\/ANEXA8CERERE.pdf\">-Cerere pentru plata sumelor r\u0103mase ne\u00eencasate de c\u0103tre pensionarul decedat<\/a><br \/><a href=\"https:\/\/www.cjpmures.ro\/wp-content\/uploads\/2024\/09\/anexza11.pdf\">-Cerere pentru acordarea ajutorului de deces- Anexa 11<\/a><br \/><a href=\"https:\/\/www.cjpmures.ro\/wp-content\/uploads\/2024\/09\/anexa12a.pdf\">-Cerere pentru acordarea ajutorului de deces- Anexa 12a<\/a><br \/><a href=\"https:\/\/www.cjpmures.ro\/wp-content\/uploads\/2024\/09\/anexa12b.pdf\">-Cerere pentru acordarea ajutorului de deces- Anexa 12b<\/a><br \/><a href=\"https:\/\/www.cjpmures.ro\/wp-content\/uploads\/2022\/05\/Cerere-pentru-stabilirea-drepturilor-prevazute-de-OG-105_1999.pdf\">-Cerere pentru stabilirea drepturilor prevazute de OG 105\/1999, modificata prin Legea 154\/2021<\/a><br \/><a href=\"https:\/\/www.cjpmures.ro\/wp-content\/uploads\/2024\/03\/CERERE-EVALUARE-PENSIEn-.pdf\">-Cerere privind evaluarea pensiilor<\/a><br \/><a href=\"https:\/\/www.cjpmures.ro\/wp-content\/uploads\/2022\/11\/CERERE-LG8.pdf\">-Cerere privind acordarea indemnizatiei prevazute de Lg. 8\/2006<\/a><br \/><a href=\"https:\/\/www.cjpmures.ro\/wp-content\/uploads\/2026\/03\/ANEXA-Nr-1-schimbare-modalitate-de-plata.pdf\">-Cerere schimbare modalitate de plat\u0103- Anexa 1<\/a><br \/><a href=\"https:\/\/www.cjpmures.ro\/wp-content\/uploads\/2026\/03\/ANEXA-Nr-2-modificare-date-beneficiar.pdf\">-Cerere modificare date beneficiar- Anexa 2<\/a><br \/><a href=\"https:\/\/www.cjpmures.ro\/wp-content\/uploads\/2026\/03\/ANEXA-Nr-3-transfer-dosar.pdf\">-Cerere transfer dosar- Anexa 3<\/a><br \/><a href=\"https:\/\/www.cjpmures.ro\/wp-content\/uploads\/2023\/08\/Declaratie-schimbare-domiciliu-cu-viza-de-flotant.doc\">-Declaratie schimbare domiciliu cu viza de flotant<\/a><br \/><a href=\"https:\/\/www.cjpmures.ro\/wp-content\/uploads\/2022\/11\/CERERE-PLATA-REST.pdf\">-Cerere pentru plata pensiei restante<\/a><br \/><\/strong><a href=\"https:\/\/www.cjpmures.ro\/wp-content\/uploads\/2023\/08\/CERERE-TRANSFER-DOSAR-DE-PENSIE-1.pdf\"><strong>-Cerere transfer dosar de pensie<\/strong><\/a><br \/><strong><a href=\"https:\/\/www.cjpmures.ro\/wp-content\/uploads\/2023\/08\/Cerere-de-scutire-de-la-plata-impozitului-pe-veniturile-din-pensie.pdf\">-Cerere de scutire de la plata impozitului pe veniturile din pensie<\/a><br \/><a href=\"https:\/\/www.cjpmures.ro\/wp-content\/uploads\/2023\/08\/Declaratie-pe-propria-raspundere-pensii-internationale.doc\">-Declaratie pe propria raspundere-pensii internationale<\/a><br \/><a href=\"https:\/\/www.cjpmures.ro\/wp-content\/uploads\/2023\/09\/DECLARATIE-URMASI-1.pdf\">-Declaratie pe propria raspundere privind continuarea studiilor 2023<\/a><br \/><a href=\"https:\/\/www.cjpmures.ro\/wp-content\/uploads\/2024\/02\/formular-adeverinta-grupe.pdf\">-Formular Adeverinta grupa de munca<\/a><br \/><a href=\"https:\/\/www.cjpmures.ro\/wp-content\/uploads\/2024\/04\/Adeverinta-pentru-valorificare-venituri-brute-anterior-aprilie-2001.pdf\">-Adeverinta pentru valorificare venituri brute (anterior aprilie 2001)<\/a><br \/><a href=\"https:\/\/www.cjpmures.ro\/wp-content\/uploads\/2025\/06\/Adeverinta-angajator-optare.pdf\">-Adeverinta angajator optare art. 46 alin. 2 din Legea 360\/2023\u00a0<\/a><br \/><\/strong><\/p>\n<p><span style=\"color: #ff0000;\"><strong>Bilete de tratament:<br \/><\/strong><\/span><strong><a href=\"https:\/\/www.cjpmures.ro\/wp-content\/uploads\/2014\/05\/cerere_bilet.pdf\">-Cerere bilet de tratament<\/a><\/strong><\/p>\n<p><span style=\"color: #ff0000;\"><strong>Stagii de cotizare:<br \/><\/strong><\/span><strong><a href=\"https:\/\/www.cjpmures.ro\/wp-content\/uploads\/2014\/05\/contract-de-asigurare.pdf\">-Contract de asigurare<\/a><br \/><a href=\"https:\/\/www.cjpmures.ro\/wp-content\/uploads\/2014\/05\/act-aditional.pdf\">-Act aditional la contractul de asigurare<\/a><br \/><a href=\"https:\/\/www.cjpmures.ro\/wp-content\/uploads\/2014\/05\/cerere-adeverinta-pensie.pdf\">-Cerere adeverinta stagiu de cotizare &#8211; pensie<\/a><br \/><a href=\"https:\/\/www.cjpmures.ro\/wp-content\/uploads\/2025\/04\/cerere-adeverinta-asigurat.pdf\">-Cerere adeverinta stagiu de cotizare &#8211; asigurat<\/a><br \/><a href=\"https:\/\/www.cjpmures.ro\/wp-content\/uploads\/2020\/03\/cerere-adeverinta-angajatori-A1.pdf\">-Cerere adeverinta stagiu de cotizare pentru obtinere document portabil A1<\/a><br \/><a href=\"https:\/\/www.cjpmures.ro\/wp-content\/uploads\/2020\/10\/declaratie-propria-raspundere.pdf\">-Declaratia pe propria raspundere pentru contract OUG 163\/2020<\/a><br \/><a href=\"https:\/\/www.cjpmures.ro\/wp-content\/uploads\/2023\/09\/Contract-de-asigurare-OUG163.pdf\">-Contract de asigurare OUG163\/2020<\/a><br \/><\/strong><\/p>\n<p><strong><span style=\"color: #ff0000;\">Notificari referitoare la calitatea de neasigurat:<\/span><br \/><a href=\"https:\/\/www.cjpmures.ro\/wp-content\/uploads\/2014\/05\/cerere-negatii.pdf\">-Cerere notificare calitate de neasigurat &#8211; E101<\/a><br \/><\/strong><\/p>\n<p><span style=\"color: #ff0000;\"><strong>Pensii internationale:<br \/><\/strong><\/span><strong><a href=\"https:\/\/www.cjpmures.ro\/wp-content\/uploads\/2020\/06\/CAN-RO-202-en-final.doc\">-CAN\/ RO 202<\/a><br \/><a href=\"https:\/\/www.cjpmures.ro\/wp-content\/uploads\/2020\/06\/CAN-RO-203-en-final.doc\">-CAN\/ RO 203<\/a><br \/><a href=\"https:\/\/www.cjpmures.ro\/wp-content\/uploads\/2020\/06\/CAN-RO-204-en-final.doc\">-CAN\/ RO 204<\/a><br \/><a href=\"https:\/\/www.cjpmures.ro\/wp-content\/uploads\/2020\/06\/CAN-RO-207-final.doc\">-CAN\/ RO 207<\/a><br \/><a href=\"https:\/\/www.cjpmures.ro\/wp-content\/uploads\/2020\/06\/Cerere_pensie_inv_traducere_IL.doc\">-Cerere pensie invaliditate Israel<\/a><br \/><a href=\"https:\/\/www.cjpmures.ro\/wp-content\/uploads\/2020\/06\/PU_IL.pdf\">-Cerere pensie urmas Israel<\/a><br \/><a href=\"https:\/\/www.cjpmures.ro\/wp-content\/uploads\/2024\/07\/Certif-VIATA-RO-HU-MS.doc\">-Certificat de viata romana-maghiara<\/a><br \/><a href=\"https:\/\/www.cjpmures.ro\/wp-content\/uploads\/2024\/07\/Certif-VIATA-RO-DE-MS.doc\">-Certificat de viata romana-germana<\/a><br \/><a href=\"https:\/\/www.cjpmures.ro\/wp-content\/uploads\/2024\/07\/Certif-VIATA-RO-EN-MS.doc\">-Certificat de viata romana-engleza<\/a><br \/><a href=\"https:\/\/www.cjpmures.ro\/wp-content\/uploads\/2024\/07\/Certificat-de-Viata-2024-FR-.doc\">-Certificat de viata romana-franceza<\/a><br \/><a href=\"https:\/\/www.cjpmures.ro\/wp-content\/uploads\/2024\/07\/Certificat-de-viata-RO-IT.doc\">-Certificat de viata romana-italiana<\/a><br \/><a href=\"https:\/\/www.cjpmures.ro\/wp-content\/uploads\/2024\/07\/Certif-VIATA-RO-ES-MS.doc\">-Certificat de viata romana-spaniola<\/a><br \/><a href=\"https:\/\/www.cjpmures.ro\/wp-content\/uploads\/2020\/06\/declaratie_propria_raspundere_pensie_batranete_invaliditate_resedinta_in_strainatate.doc\">-Declaratie propria raspundere pensie limita de varsta, anticipata, invaliditate<\/a><br \/><a href=\"https:\/\/www.cjpmures.ro\/wp-content\/uploads\/2020\/06\/declaratie_propria_raspundere_pensie_urmas_resedinta_in_strainatate.doc\">-Declaratie propria raspundere pensie urmas<\/a><br \/><a href=\"https:\/\/www.cjpmures.ro\/wp-content\/uploads\/2020\/06\/Declaratie_transfer_drepturi_in_strainatate.doc\">-Declaratie transfer drepturi in strainatate<\/a><br \/><a href=\"https:\/\/www.cjpmures.ro\/wp-content\/uploads\/2020\/06\/E_207.doc\">-E207<\/a><br \/><a href=\"https:\/\/www.cjpmures.ro\/wp-content\/uploads\/2023\/07\/IL-RO-202.doc\">-IL\/ RO 202<\/a><br \/><a href=\"https:\/\/www.cjpmures.ro\/wp-content\/uploads\/2023\/07\/IL-RO-203.doc\">-IL\/ RO 203<\/a><br \/><a href=\"https:\/\/www.cjpmures.ro\/wp-content\/uploads\/2023\/07\/IL-RO-204.doc\">-IL\/ RO 204<\/a><br \/><a href=\"https:\/\/www.cjpmures.ro\/wp-content\/uploads\/2023\/07\/IL-RO-207.doc\">-IL\/ RO 207<\/a><br \/><a href=\"https:\/\/www.cjpmures.ro\/wp-content\/uploads\/2020\/06\/MD-RO-202.doc\">-MD\/ RO 202<\/a><br \/><a href=\"https:\/\/www.cjpmures.ro\/wp-content\/uploads\/2020\/06\/MD-RO-203.doc\">-MD\/ RO 203<\/a><br \/><a href=\"https:\/\/www.cjpmures.ro\/wp-content\/uploads\/2020\/06\/MD-RO-204.doc\">-MD\/ RO 204<\/a><br \/><a href=\"https:\/\/www.cjpmures.ro\/wp-content\/uploads\/2020\/06\/MD-RO-207.doc\">-MD\/ RO 207<\/a><br \/><a href=\"https:\/\/www.cjpmures.ro\/wp-content\/uploads\/2020\/06\/RO_202.doc\">-RO 202<\/a><br \/><a href=\"https:\/\/www.cjpmures.ro\/wp-content\/uploads\/2020\/06\/RO_203.doc\">-RO 203<\/a><br \/><a href=\"https:\/\/www.cjpmures.ro\/wp-content\/uploads\/2020\/06\/RO_204.doc\">-RO 204<\/a><br \/><a href=\"https:\/\/www.cjpmures.ro\/wp-content\/uploads\/2025\/03\/R-TR12-TURCIA.doc\"> -RO\/TR 12<\/a><br \/><a href=\"https:\/\/www.cjpmures.ro\/wp-content\/uploads\/2025\/03\/R-TR13-TURCIA.doc\">-RO\/TR 13<\/a><br \/><\/strong><\/p>\n<p><span style=\"color: #ff0000;\"><strong>Expertiza Medicala:<br \/><\/strong><\/span><a href=\"https:\/\/www.cjpmures.ro\/wp-content\/uploads\/2023\/04\/Cerere.pdf\"><strong>-Cerere tip<\/strong><\/a><br \/><a href=\"https:\/\/www.cjpmures.ro\/wp-content\/uploads\/2023\/04\/Anexa-2.pdf\"><strong>-Referat Medical Anexa 2<\/strong><\/a><br \/><strong style=\"font-size: revert;\"><a href=\"https:\/\/www.cjpmures.ro\/wp-content\/uploads\/2023\/04\/Anexa-5.pdf\">-Anexa 5 Solicitare avizare concedii medicale &gt;90zile<\/a> <\/strong><span style=\"font-size: revert;\">\u00a0\u00a0<\/span><\/p>\n\n\n<p><\/p>\n","protected":false},"excerpt":{"rendered":"<p>FORMULARE: Pensii:-Cerere privind acordarea pensiei pentru limit\u0103 de v\u00e2rst\u0103-Cerere privind acordarea pensiei anticipate-Cerere privind acordarea pensiei de invaliditate-Cerere privind acordarea pensiei de urma\u015f-Cerere privind\u00a0recalcularea pensiei-Cerere pentru plata sumelor r\u0103mase ne\u00eencasate de c\u0103tre pensionarul decedat-Cerere pentru acordarea ajutorului de deces- Anexa &hellip; <a href=\"https:\/\/www.cjpmures.ro\/?page_id=2024\">Continue reading <span class=\"meta-nav\">&rarr;<\/span><\/a><\/p>\n","protected":false},"author":1,"featured_media":0,"parent":0,"menu_order":0,"comment_status":"closed","ping_status":"closed","template":"showcase.php","meta":{"footnotes":""},"class_list":["post-2024","page","type-page","status-publish","hentry"],"_links":{"self":[{"href":"https:\/\/www.cjpmures.ro\/index.php?rest_route=\/wp\/v2\/pages\/2024","targetHints":{"allow":["GET"]}}],"collection":[{"href":"https:\/\/www.cjpmures.ro\/index.php?rest_route=\/wp\/v2\/pages"}],"about":[{"href":"https:\/\/www.cjpmures.ro\/index.php?rest_route=\/wp\/v2\/types\/page"}],"author":[{"embeddable":true,"href":"https:\/\/www.cjpmures.ro\/index.php?rest_route=\/wp\/v2\/users\/1"}],"replies":[{"embeddable":true,"href":"https:\/\/www.cjpmures.ro\/index.php?rest_route=%2Fwp%2Fv2%2Fcomments&post=2024"}],"version-history":[{"count":76,"href":"https:\/\/www.cjpmures.ro\/index.php?rest_route=\/wp\/v2\/pages\/2024\/revisions"}],"predecessor-version":[{"id":4643,"href":"https:\/\/www.cjpmures.ro\/index.php?rest_route=\/wp\/v2\/pages\/2024\/revisions\/4643"}],"wp:attachment":[{"href":"https:\/\/www.cjpmures.ro\/index.php?rest_route=%2Fwp%2Fv2%2Fmedia&parent=2024"}],"curies":[{"name":"wp","href":"https:\/\/api.w.org\/{rel}","templated":true}]}}