{"id":153,"date":"2014-05-24T17:46:22","date_gmt":"2014-05-24T17:46:22","guid":{"rendered":"http:\/\/www.cjpmures.ro\/?page_id=153"},"modified":"2026-04-09T05:22:52","modified_gmt":"2026-04-09T05:22:52","slug":"prima-pagina","status":"publish","type":"page","link":"https:\/\/www.cjpmures.ro\/","title":{"rendered":""},"content":{"rendered":"<h3 align=\"justify\"><strong>Bine a\u0163i venit pe pagina Casei Jude\u0163ene de Pensii Mure\u015f<\/strong><\/h3>\n<p>&nbsp;<\/p>\n<hr \/>\n<h1 align=\"justify\">\u00a0<\/h1>\n<h1 style=\"color: #000000; text-align: justify;\" align=\"justify\"><span style=\"color: #ff0000;\"><strong>NOUT\u0102\u021aI:<\/strong><\/span><\/h1>\n<p>\u00a0 \u00a0 \u00a0 <a href=\"https:\/\/www.cjpmures.ro\/wp-content\/uploads\/2025\/11\/AFIS-ANEXA1-scaled.jpg\"><img loading=\"lazy\" decoding=\"async\" class=\"alignnone size-medium wp-image-4632\" src=\"https:\/\/www.cjpmures.ro\/wp-content\/uploads\/2025\/11\/AFIS-ANEXA1-300x212.jpg\" alt=\"\" width=\"300\" height=\"212\" srcset=\"https:\/\/www.cjpmures.ro\/wp-content\/uploads\/2025\/11\/AFIS-ANEXA1-300x212.jpg 300w, https:\/\/www.cjpmures.ro\/wp-content\/uploads\/2025\/11\/AFIS-ANEXA1-1024x724.jpg 1024w, https:\/\/www.cjpmures.ro\/wp-content\/uploads\/2025\/11\/AFIS-ANEXA1-768x543.jpg 768w, https:\/\/www.cjpmures.ro\/wp-content\/uploads\/2025\/11\/AFIS-ANEXA1-1536x1086.jpg 1536w, https:\/\/www.cjpmures.ro\/wp-content\/uploads\/2025\/11\/AFIS-ANEXA1-2048x1448.jpg 2048w, https:\/\/www.cjpmures.ro\/wp-content\/uploads\/2025\/11\/AFIS-ANEXA1-424x300.jpg 424w\" sizes=\"auto, (max-width: 300px) 100vw, 300px\" \/><\/a><\/p>\n<ul>\n<li><strong><a href=\"https:\/\/www.cjpmures.ro\/wp-content\/uploads\/2026\/04\/Informare-privin-acordarea-ajutorului-financiar.pdf\">Acordare ajutor financiar in anul 2026<\/a><\/strong><\/li>\n<li><strong><a href=\"https:\/\/www.cjpmures.ro\/wp-content\/uploads\/2025\/10\/INFORM-tichete-soc.pdf\">Criteriile de acordare a Tichetelor Sociale pe suport electronic<\/a><\/strong><\/li>\n<li><strong><a href=\"https:\/\/www.cjpmures.ro\/wp-content\/uploads\/2025\/09\/ANUNT-URM.pdf\">\u00cen aten\u021bia elevilor \u0219i studen\u021bilor beneficiari ai unei pensii de urma\u0219<\/a><\/strong><\/li>\n<li><strong><a href=\"https:\/\/www.cjpmures.ro\/wp-content\/uploads\/2024\/08\/informare_cv.pdf\">\u00cen aten\u021bia beneficiarilor de pensii din sistemul public rom\u00e2n, care au reziden\u021ba \u00een alte state<\/a> <\/strong><\/li>\n<\/ul>\n<p><em>Pentru comunicarea cererilor\/solicit\u0103rilor adresate C.J.P. Mure\u0219 \u0219i a documentelor de identitate v\u0103 recomand\u0103m sa utiliza\u021bi<\/em><\/p>\n<p><em>-serviciile electronice:<\/em> <br \/><strong>\u00a0 \u00a0 \u00a0 \u00a0 \u00a0 \u00a0 \u00a0 \u00a0 \u00a0 \u00a0 \u00a0 \u00a0 \u00a0e-mail:<\/strong><em><strong> cjpmures@cnpp.ro<\/strong><\/em><\/p>\n<p><em>-\u0219i\/sau po\u0219tale:<\/em><br \/>\u00a0 \u00a0 \u00a0 \u00a0 \u00a0 \u00a0 \u00a0 \u00a0 \u00a0 \u00a0 \u00a0 \u00a0 <strong>pe adresa: <em>T\u00e2rgu<\/em> Mure\u0219, str. Tudor Vladimirescu, nr. 60<\/strong><\/p>\n<p>&nbsp;<\/p>\n<ul>\n<li><strong><a href=\"https:\/\/www.cjpmures.ro\/wp-content\/uploads\/2022\/03\/document-informare-online.pdf\">Transmiterea online a documentului de informare (talon mov)<\/a><\/strong><\/li>\n<\/ul>\n<p><strong><a href=\"https:\/\/www.cjpmures.ro\/wp-content\/uploads\/2018\/06\/protectia-datelor-cu-caracter-personal.pdf\">Politica de confiden\u0163ialitate<\/a> privind prelucrarea \u015fi protec\u0163ia datelor cu caracter personal<\/strong><\/p>\n<p style=\"text-align: justify;\"><strong><a href=\"https:\/\/www.cjpmures.ro\/wp-content\/uploads\/2014\/05\/PORTAL.doc\">Cont on-line CNPP<\/a>\u00a0&#8211;<\/strong><strong>\u00a0<a href=\"https:\/\/www.cnpp.ro\/web\/guest\/home\">www.cnpp.ro<\/a><\/strong><\/p>\n<hr \/>\n<p><img loading=\"lazy\" decoding=\"async\" class=\"wp-image-163 size-full\" src=\"https:\/\/www.cjpmures.ro\/wp-content\/uploads\/2014\/05\/casa.jpg\" alt=\"Casa Jude\u021bean\u0103 de Pensii Mure\u0219\" width=\"146\" height=\"75\" \/><\/p>\n<p style=\"text-align: justify;\">Casa Jude\u021bean\u0103 de Pensii Mure\u0219 este organizat\u0103 \u0219i func\u021bioneaz\u0103 ca serviciu public descentralizat, \u00een subordinea Casei Na\u021bionale de Pensii Publice, denumit\u0103 \u00een continuare C.N.P.P., fiind investit\u0103 cu personalitate juridic\u0103 \u00een baza prevederilor Legii nr. 360\/2023 privind sistemul public de pensii, cu complet\u0103rile \u0219i modific\u0103rile ulterioare privind statutul propriu al C.N.P.P.<\/p>\n<p style=\"text-align: justify;\">Casa Jude\u021bean\u0103 de Pensii Mure\u0219\u00a0asigur\u0103 \u00een teritoriu aplicarea unitar\u0103 a legisla\u021biei din domeniul pensiilor \u0219i asigur\u0103rilor sociale de stat.<\/p>\n<p style=\"text-align: justify;\">Casa Jude\u021bean\u0103 de Pensii Mure\u0219\u00a0are sediul \u00een municipiul T\u00eergu Mure\u0219, str. Tudor Vladimirescu nr. 60.<\/p>\n<hr \/>\n<p><a href=\"https:\/\/www.cjpmures.ro\/wp-content\/uploads\/2023\/09\/program-cu-publicul-2023-scaled.jpg\"><img loading=\"lazy\" decoding=\"async\" class=\"alignnone  wp-image-3658\" src=\"https:\/\/www.cjpmures.ro\/wp-content\/uploads\/2023\/09\/program-cu-publicul-2023-300x212.jpg\" alt=\"\" width=\"538\" height=\"384\" \/><\/a><\/p>\n<p><a href=\"https:\/\/www.cjpmures.ro\/wp-content\/uploads\/2025\/06\/program-audiente-cjp-mures-1-scaled.jpg\"><img loading=\"lazy\" decoding=\"async\" class=\"alignnone size-large wp-image-4515\" src=\"https:\/\/www.cjpmures.ro\/wp-content\/uploads\/2025\/06\/program-audiente-cjp-mures-1-1024x724.jpg\" alt=\"\" width=\"584\" height=\"413\" srcset=\"https:\/\/www.cjpmures.ro\/wp-content\/uploads\/2025\/06\/program-audiente-cjp-mures-1-1024x724.jpg 1024w, https:\/\/www.cjpmures.ro\/wp-content\/uploads\/2025\/06\/program-audiente-cjp-mures-1-300x212.jpg 300w, https:\/\/www.cjpmures.ro\/wp-content\/uploads\/2025\/06\/program-audiente-cjp-mures-1-768x543.jpg 768w, https:\/\/www.cjpmures.ro\/wp-content\/uploads\/2025\/06\/program-audiente-cjp-mures-1-1536x1086.jpg 1536w, https:\/\/www.cjpmures.ro\/wp-content\/uploads\/2025\/06\/program-audiente-cjp-mures-1-2048x1448.jpg 2048w, https:\/\/www.cjpmures.ro\/wp-content\/uploads\/2025\/06\/program-audiente-cjp-mures-1-424x300.jpg 424w\" sizes=\"auto, (max-width: 584px) 100vw, 584px\" \/><\/a><\/p>\n<p>&nbsp;<\/p>\n<p style=\"text-align: justify;\">\u00a0<\/p>\n\n\n<p><\/p>\n","protected":false},"excerpt":{"rendered":"<p>Bine a\u0163i venit pe pagina Casei Jude\u0163ene de Pensii Mure\u015f &nbsp; \u00a0 NOUT\u0102\u021aI: \u00a0 \u00a0 \u00a0 Acordare ajutor financiar in anul 2026 Criteriile de acordare a Tichetelor Sociale pe suport electronic \u00cen aten\u021bia elevilor \u0219i studen\u021bilor beneficiari ai unei pensii &hellip; <a href=\"https:\/\/www.cjpmures.ro\/\">Continue reading <span class=\"meta-nav\">&rarr;<\/span><\/a><\/p>\n","protected":false},"author":1,"featured_media":0,"parent":0,"menu_order":0,"comment_status":"closed","ping_status":"closed","template":"sidebar-page.php","meta":{"footnotes":""},"class_list":["post-153","page","type-page","status-publish","hentry"],"_links":{"self":[{"href":"https:\/\/www.cjpmures.ro\/index.php?rest_route=\/wp\/v2\/pages\/153","targetHints":{"allow":["GET"]}}],"collection":[{"href":"https:\/\/www.cjpmures.ro\/index.php?rest_route=\/wp\/v2\/pages"}],"about":[{"href":"https:\/\/www.cjpmures.ro\/index.php?rest_route=\/wp\/v2\/types\/page"}],"author":[{"embeddable":true,"href":"https:\/\/www.cjpmures.ro\/index.php?rest_route=\/wp\/v2\/users\/1"}],"replies":[{"embeddable":true,"href":"https:\/\/www.cjpmures.ro\/index.php?rest_route=%2Fwp%2Fv2%2Fcomments&post=153"}],"version-history":[{"count":340,"href":"https:\/\/www.cjpmures.ro\/index.php?rest_route=\/wp\/v2\/pages\/153\/revisions"}],"predecessor-version":[{"id":4664,"href":"https:\/\/www.cjpmures.ro\/index.php?rest_route=\/wp\/v2\/pages\/153\/revisions\/4664"}],"wp:attachment":[{"href":"https:\/\/www.cjpmures.ro\/index.php?rest_route=%2Fwp%2Fv2%2Fmedia&parent=153"}],"curies":[{"name":"wp","href":"https:\/\/api.w.org\/{rel}","templated":true}]}}